ppose b = 4*a + a. List the prime factors of a.
3
Let t be 11 - (17 + -1)/(-4). Let h(z) = z + 14. What are the prime factors of h(t)?
29
What are the prime factors of ((-8)/6 + 0)*44685/(-30)?
2, 3, 331
Suppose d = 3, 1134 - 273 = 3*s - 3*d. Suppose 2*t - s = 5*b - b, -b = t + 71. List the prime factors of 2 + (b/(-3) - -3).
29
Suppose -78*s = -73*s - 680. What are the prime factors of s?
2, 17
Let y be (-1)/(4/(-2*50)). Suppose p + y = -5*x + 72, -3*x + 3*p + 21 = 0. What are the prime factors of x?
3
Let n = 122 + -122. Suppose -d + 16 = 4*s, 38 = 5*d - s - n*s. List the prime factors of d.
2
Let i = 2783 + -1910. List the prime factors of i.
3, 97
Let j(r) = 50*r - 828. List the prime factors of j(42).
2, 3, 53
Let c = 143 + -87. What are the prime factors of c?
2, 7
Suppose 2*d = 875 + 179. List the prime factors of d.
17, 31
Suppose 2*f + 4 = g + 14, 5*f = -g + 11. Let m(r) = 3*r**3 - 3*r**2 - 2*r - 3. List the prime factors of m(f).
3, 5
Suppose -188 = -4*j + 880. Suppose 3*k + j = 3*i, i - 30 = -k + 67. What are the prime factors of i?
3, 31
Let c = 26 - 21. Suppose 2*i - 12 - 59 = -c*t, 77 = 2*i + 3*t. What are the prime factors of i?
43
Let t(j) = 3*j**2 - 72*j + 89. What are the prime factors of t(39)?
2, 461
Suppose 0 = -2*l - 4*r - 20, -4*r - 25 = -4*l - 5. Suppose 0 = 2*b - l*b + 6. List the prime factors of 1 + (-2 - b) + 12.
2, 7
Let o(q) = 4*q**2 - 8*q + 9. Let n be o(3). Suppose -n*b + 24*b = 210. What are the prime factors of b?
2, 5, 7
Let y(j) = j**2 - 1. Let x(r) = -5*r**2 + 3*r - 6. Let s(g) = -x(g) - 4*y(g). What are the prime factors of s(3)?
2, 5
Let w = 15 - 8. Let t(c) = c + 21. Let u be t(-17). Suppose -w = 3*i - u*i. What are the prime factors of i?
7
Suppose 0 = 35*s - 13094 - 5981. List the prime factors of s.
5, 109
Let r = -22 - -16. Let s(q) = q**2 + 5*q - 5. Let t be s(r). List the prime factors of -3 + (-1 - t - -18).
13
What are the prime factors of ((-2)/2)/((-1)/46060*10)?
2, 7, 47
Suppose 15 = -n + 4*n. Suppose 0 = -3*d + n*d. Suppose 3*s = -d*s + 84. What are the prime factors of s?
2, 7
Let v(l) = l**2 + 10*l + 27. Let y be v(-7). Suppose -y*b = 8 - 68. List the prime factors of b.
2, 5
Let l be 8/(-8) - (-1*3 + -1). Let c be (-12)/7 + (-6)/21. What are the prime factors of 9/c*(-2)/l?
3
Let x(j) = -3 + 2*j - 3*j + 3 + 1. Let w be x(-3). Suppose -20 = -o + w*z, -3*o + 29 = -o + 3*z. What are the prime factors of o?
2
Suppose -5*f - 6 = -3*u, 2 = 3*f + 5*u - 8. Suppose -i + b - 5 = 5*b, f = 2*i + 2*b - 14. List the prime factors of i.
11
Let f be (-3)/(-6)*12*-1. Let x(z) = 2*z**2 + 7*z - 8. List the prime factors of x(f).
2, 11
Let s = -1227 + 1740. What are the prime factors of s?
3, 19
Let f(y) = -2*y**3 + 2*y**2 - 13*y + 10. What are the prime factors of f(-7)?
3, 5, 59
Suppose -k = 4 - 15. Let g = k + -17. What are the prime factors of (g/(-1))/(33/88)?
2
Let x(z) = 4*z**2 - 2*z + 220. What are the prime factors of x(0)?
2, 5, 11
Suppose 17*l - 2 = 16*l. Let j(x) = x**l - 3*x + x + 3 - 3*x + 3*x. What are the prime factors of j(-4)?
3
Suppose -2*o = 1 - 7. Suppose -6*s + o*s - 15 = 0. Let c = s + 9. What are the prime factors of c?
2
Let c(g) = g**3 - 9*g**2 + 5*g - 20. Suppose 51 = 5*k + 3*u, -k = 3*k + u - 38. List the prime factors of c(k).
5
What are the prime factors of (-2)/(((-24324)/3474 - -3) + 4)?
2, 3, 193
Let a = 4 - 2. Suppose a*h = -1 + 17. What are the prime factors of h?
2
Let n = 2 - 3. Let a be (7 + n)/(2/39). Let w = a + -82. List the prime factors of w.
5, 7
Let p be -1*107*1*(-5 - -6). Let u = 33 - p. What are the prime factors of u?
2, 5, 7
Let h = 27 - 28. Let w(x) = 62*x**2 - 1. List the prime factors of w(h).
61
Let q be 2/((-8)/(-6))*2. Let m(c) = 20*c + 4. Let n be m(q). Suppose 4*x - n = -24. List the prime factors of x.
2, 5
Suppose 11*g = 6348 + 3277. List the prime factors of g.
5, 7
Let z(u) = -168*u - 9. List the prime factors of z(-2).
3, 109
Let g be (37/(-3))/((-6)/(-9) - 1). Suppose k - g = 17. List the prime factors of k.
2, 3
Let g = 298 - 164. Suppose 0 = -6*w + g + 28. What are the prime factors of w?
3
Suppose -9295 = -12*c - c. List the prime factors of c.
5, 11, 13
Let i = -34 - -137. List the prime factors of i.
103
Let k(n) = 111*n - 434. What are the prime factors of k(39)?
5, 19, 41
Let p = 28 - 14. What are the prime factors of p - (-7 + -1)/2?
2, 3
Suppose 3*p - v = 4, 4*v - 32 + 0 = -4*p. Suppose l - 180 = -2*j + 4*j, -p*l + 544 = -5*j. What are the prime factors of l?
2, 47
Let q = -4094 - -6227. Suppose 0*f - q = -9*f. What are the prime factors of f?
3, 79
What are the prime factors of (-151 + -1)*11/(55/(-50))?
2, 5, 19
Let r(j) = -2*j**3 - 3*j**2 - 7*j - 7. Let a be r(-6). Let f = a - 224. List the prime factors of f.
3, 5
Let v = -33 + 64. Suppose 0 = -2*m - 4*a + 10, -m + 4*a = -6*m + v. Suppose 3*h - m*h = 4*r - 28, 0 = 4*r - 4*h - 28. List the prime factors of r.
7
Let t be 6*1*162/6. Let x = 343 - t. What are the prime factors of x?
181
Let c be (-6)/2 - 35/(-5). Let a be (c - 3)/(3/195). Suppose -2*p + 55 = 5*o, 3*p + 6*o - a = 2*o. List the prime factors of p.
3, 5
Suppose 0 = 55*v - 62*v + 7826. List the prime factors of v.
2, 13, 43
Let l(g) = -891*g - 318. List the prime factors of l(-4).
2, 3, 541
Suppose 552 = -4*h + 2224. What are the prime factors of h?
2, 11, 19
Suppose -5*b - 3004 = -p, -9*p - 15047 = -14*p - 2*b. What are the prime factors of p?
3, 17, 59
Let g be 41/(-1)*(0 + -1). Suppose 29 + g = 7*x. List the prime factors of ((-16)/(-5))/(x/75).
2, 3
Let t(y) = -y**2 - 22*y + 8. Suppose o + 4*j = 6, 2*o - 2*j = j - 32. List the prime factors of t(o).
2
Let y(i) = 21*i + 18. What are the prime factors of y(24)?
2, 3, 29
What are the prime factors of 5*-1114*(-1)/5 - 5?
1109
Let t(p) = -2*p**3 + 67*p**2 + 36*p + 58. List the prime factors of t(33).
5, 467
Let w(y) = -3*y + 19. Let l be w(5). Suppose 5*s + 42 = -l*a + 235, -s = 2*a - 41. What are the prime factors of s?
37
Let q(o) = -195*o**3 + o**2 + 1. What are the prime factors of q(-2)?
5, 313
Let y be 4*6/(-15)*(-5)/8. List the prime factors of ((-1547)/(-68))/(y/4).
7, 13
Suppose -c + 4*s - 351 = 3*s, 0 = 3*c - 4*s + 1058. Let i = 576 + c. What are the prime factors of i?
2, 5, 23
Suppose 2*l + 16 = 5*r - l, 0 = -3*r - 4*l - 2. Suppose 2*h = 3*m - 652, -10 = 7*h - r*h. What are the prime factors of m?
2, 3
Let q = 220 - -811. What are the prime factors of q?
1031
Let r = -159 - -1271. What are the prime factors of r?
2, 139
Let c be 800/45 + 6/27. Suppose -c + 102 = 4*q. List the prime factors of q.
3, 7
Suppose -7*d + 10*d = 15. Suppose -d*x + 9 = -16, 4*x = 4*n - 96. What are the prime factors of n?
29
Let r = 157 + 343. What are the prime factors of r?
2, 5
Let g = -3085 + 5792. What are the prime factors of g?
2707
Suppose 35*x - 1944 = 29*x. What are the prime factors of x?
2, 3
Let t = -26 - -32. Let d = 9 - t. What are the prime factors of -2 + 5 - (d - 51)?
3, 17
Suppose 31*j + 72621 = 271331. What are the prime factors of j?
2, 5, 641
Suppose 31*f - 3*c = 27*f + 7072, -4*c = 2*f - 3558. What are the prime factors of f?
7, 11, 23
Suppose 3*n = n - 2. Suppose 43 + 32 = 5*d. Let o = d - n. What are the prime factors of o?
2
Let q(j) = 566*j + 9. List the prime factors of q(1).
5, 23
Suppose -11*o + 1361 = -2940. List the prime factors of o.
17, 23
Let u be (-41173)/(-44) - (6/8 - 1). Suppose -u = 12*m - 16*m. What are the prime factors of m?
2, 3, 13
Suppose 5*b = 3*o - 1436, -2 = b + 2. List the prime factors of o.
2, 59
Let v(p) = 8*p + 15. Let g be v(-5). Let f = 10 - g. List the prime factors of f.
5, 7
Suppose -2*s = -2*n - 10, -3*s + 0*s = -4*n - 20. Suppose -p + 80 = -3*x - 10, s = -2*p - 2*x + 172. List the prime factors of p.
3, 29
List the prime factors of (-2802)/4*(-7 + 85/15).
2, 467
Let a = 13 + -16. List the prime factors of 3 + a + (-585)/(-3).
3, 5, 13
Let s = 1815 + -1275. List the prime factors of s.
2, 3, 5
Let q = 495 + -30. List the prime factors of q.
3, 5, 31
Let w(v) = v**2 + v - 67. Let a be w(8). Suppose 2*h = a*n - 718, -2*n - 5*h = -6*n + 588. What are the prime factors of n?
2, 71
Suppose -4*f + 6 = -6. Let k = -48 + 51. Suppose -4*q + 103 = k*o, 0 = -9*q + 4*q + f*o + 149. What are the prime factors of q?
2, 7
Let t(m) = -m**3